*k - 4. Let b be c(13). Suppose -7*u + b = -20. What is the highest common factor of 9 and u?
3
Suppose 25*p + 174 = 22*p. Let z = -49 - p. Calculate the highest common divisor of 6 and z.
3
Suppose -9*j + 2*v + 122 = -8*j, -620 = -5*j + 5*v. Calculate the greatest common factor of 216 and j.
18
Suppose 3*g - 91 = 164. Suppose i - 319 = -3*i + r, 5*r - g = -i. Calculate the greatest common divisor of 32 and i.
16
Suppose -46656 = 53*w - 77*w. Calculate the greatest common factor of 8 and w.
8
Let i(q) = q - 6. Let l be i(11). Let y be (-15)/(-6)*1/l*10. What is the greatest common divisor of y and 25?
5
Let f = 30 + -21. Suppose 0 = -15*d + 75 + 60. What is the greatest common factor of f and d?
9
Let a be 6919/102 + (-1)/(-6). Calculate the highest common factor of 340 and a.
68
Let s(k) = k**2 + 8*k - 29. Suppose -y = -3*d - 26, -3*y = -d - 2*d - 54. Let p be s(y). Calculate the greatest common factor of 31 and p.
31
Suppose -3*h + 6 = -2*h. Let d(a) = -2 + a**3 - 400*a**2 + 394*a**2 + 10 - a + 3*a. Let s be d(h). What is the greatest common divisor of 2 and s?
2
Let o be ((-115)/10 - -10) + 11/(-2)*-5. Let q = -19 + 32. Calculate the greatest common divisor of q and o.
13
Suppose 25*l - 30*l = a - 8, -13 = -5*a + 2*l. Calculate the greatest common divisor of a and 354.
3
Suppose -2*p + 1 + 23 = 0. Let j = 3043 + -3031. What is the greatest common divisor of j and p?
12
Let o(d) = -2*d**3 - d**2 - 6*d - 1. Let w be o(-4). Let k = 2152 + -2125. What is the greatest common factor of w and k?
27
Let d = -72 + 332. Suppose j + d = 3*j. Let z = -113 - -165. Calculate the greatest common factor of j and z.
26
Suppose 4*y + 0*b - 5*b - 26 = 0, 3*y - 22 = 5*b. Suppose 43 = y*c - 77. Calculate the highest common divisor of 20 and c.
10
Let n be 360/4*1/2. Let s = 85 - n. Calculate the highest common factor of s and 5.
5
Let z = -6 - -7. Let p be (-21)/3*-2*z. Let u = 53 + -51. Calculate the highest common factor of p and u.
2
Suppose 2*z = -d + 7, -3*z - 27*d = -29*d - 28. What is the highest common divisor of 54 and z?
6
Suppose 1 = 6*h + 7. Let g be h*1 - 8*(-4)/8. Calculate the greatest common divisor of g and 3.
3
Suppose 4*f - 2 = 34. Let r be 48/9 - -2 - 3/f. What is the highest common factor of r and 77?
7
Suppose 0 = -5*g - 10, 2*x - g = -3*x + 2. Suppose x*i + 60 = 2*i + 5*d, 4*i - 144 = 2*d. Calculate the greatest common factor of 385 and i.
35
Let p = -9 + 11. Let t be 39/6*p - 3. Let j = t - 7. Calculate the highest common divisor of 9 and j.
3
Let l = -1401 - -1406. Calculate the highest common divisor of 115 and l.
5
Let n be (6/9)/(2/462). Suppose -a + 42 = 2*a. Suppose -d - a = -2*d. What is the greatest common divisor of n and d?
14
Let h be 143 + 12/(12/3). Suppose 0 = -2*y - 3*y + 3*k + h, k + 2 = 0. Calculate the greatest common divisor of y and 28.
28
Let m be 0 - (0 + 6/(-3)). Suppose m*i - 12 = -a, -4*i - 4 + 0 = -5*a. Suppose a*b + 4 - 52 = 0. Calculate the greatest common divisor of 120 and b.
12
Let y = -95 - -239. Suppose 4*x - 4*c - y = -2*c, 0 = -5*x + 2*c + 182. What is the highest common factor of 133 and x?
19
Let f = -385 - -451. Let v = -69 - -113. What is the highest common factor of f and v?
22
Let t = -3 - -6. Suppose -t*n = -5*b - 81, -29 = 2*b - 2*n + 5. Let u be b/(-6)*40/25. What is the highest common divisor of u and 2?
2
Let u be (-9)/15 + 353/5. Let s = 107 - u. What is the highest common divisor of 37 and s?
37
Suppose 5*q = -3*g + 34, -17 - 11 = -5*q - g. Suppose -2*v + 44 = -4*z, -q*v - 3*z + 104 = -7*z. What is the greatest common factor of 180 and v?
20
Suppose h = 2*o + 50, 2*h - 4*o + 76 = 4*h. What is the greatest common factor of 572 and h?
44
Suppose 4*q - w - 24 = 0, -2*q = 3*q - 5*w - 30. Suppose 0 = 3*f - q*f. Suppose 3*h - 79 - 56 = f. Calculate the greatest common factor of 30 and h.
15
Let v(t) = t**3 + 7*t**2 + 4. Let m be v(-7). Suppose m*l = 15 + 13. Let g be ((-3)/(-10))/((-53)/(-3710)). Calculate the greatest common factor of g and l.
7
Suppose -3*o - 48 = -5*o. Suppose -4*a + 5*a = o. Suppose 3*w - 5 - 4 = 0. Calculate the highest common divisor of a and w.
3
Let u(r) = r**2 + 3*r + 26. Let y be u(-11). Calculate the highest common factor of 266 and y.
38
Suppose -2*t = -0*t + 2*t. Suppose -h - 3*c + 47 = t, 8*h - 127 = 5*h + 5*c. Calculate the highest common divisor of 110 and h.
22
Let r = 249 - 137. Suppose -80 = -12*s + r. Suppose -a + 5*a + 20 = 2*o, -o = -4*a - 4. Calculate the greatest common factor of o and s.
16
Suppose 1046 = 3*s - p, -5*s + 785 = 3*p - 949. What is the greatest common divisor of 12 and s?
12
Let u be 5*5/((-2)/(-2)). Calculate the highest common factor of u and 1525.
25
Let f be (1122/3)/(-3 + 12 + -7). What is the highest common divisor of f and 34?
17
Let h be (3 - 2)/2 - 3576/(-16). Calculate the highest common divisor of h and 32.
32
Let s(i) = -i**3 + 35*i**2 + 8*i - 95. Let j be s(35). What is the greatest common factor of 5 and j?
5
Let r(s) = -20*s + 23. Let f be r(-9). Calculate the greatest common factor of 29 and f.
29
Suppose t - 3*a = 15, 2*t + 3*a = -a + 30. Let o = -113 + 188. Calculate the greatest common factor of t and o.
15
Let a be 2 + 224/3 + (-3)/(-9). Suppose -4*u - 1 = -45. Calculate the greatest common divisor of u and a.
11
Let z = 90 - 81. Let g(d) = d**2 - 10*d - 9. Let b be g(11). Suppose -b*k = -61 + z. What is the highest common divisor of 65 and k?
13
Suppose -2*u + 3*r = -127, 0*r + 3*r - 349 = -5*u. Suppose 0*l = -4*q - l + u, 0 = -3*q - 4*l + 64. What is the greatest common factor of 128 and q?
16
Suppose 105 = -6*h + 375. Calculate the highest common factor of 18 and h.
9
Suppose 0 = -3*s + s + 608. Suppose g + 7*g = s. What is the highest common divisor of 114 and g?
38
Suppose 4*w - 22 = 3*w. Suppose 3*z - 3*c = c + 34, z = 4*c + w. Suppose -4*o - 123 = -j - z*o, -2*o - 10 = 0. Calculate the highest common factor of j and 19.
19
Let x = 97 - 120. Let s be x*(-4 - -6 - 3). Calculate the greatest common divisor of 115 and s.
23
Suppose i - 48 = -2*i. Let l(y) = -y**3 + 5*y**2 + 18*y - 12. Let j be l(7). Suppose -240 = -2*u + j. What is the highest common divisor of u and i?
16
Suppose 0*a = 2*a - 30. Let p = a - 10. Suppose p*z = -v + 3 - 10, -2*v = -2*z - 34. Calculate the highest common factor of v and 39.
13
Let r be 8/(-2)*-1*(-25)/20. Let t be 65 - ((-20)/r - 4). Calculate the greatest common factor of 26 and t.
13
Suppose 0 = -2*s + 2*l + 210, 5*s - 2*l + 6*l = 498. Let m(o) = 2*o + 16. Let a be m(-5). Calculate the highest common factor of s and a.
6
Let d = -2618 + 2710. Suppose o - 23 = -4*n, 43 = 2*o - 2*n - 3. Calculate the greatest common divisor of d and o.
23
Let b(w) = -w**2 + 6*w + 22. Let g be b(0). What is the highest common divisor of g and 10?
2
Suppose -17*f + 37 - 3 = 0. Suppose v + 6 = 2*v + 3*o, 2*o + 13 = 5*v. What is the highest common factor of f and v?
1
Let i(g) be the first derivative of -9*g**4/4 + g**3/3 + 3*g**2/2 + 6*g - 6. Let x be i(-2). Calculate the greatest common divisor of 190 and x.
38
Let q(w) = -2*w**3 - 53*w**2 - 7*w - 135. Let j be q(-28). Calculate the greatest common factor of 127 and j.
127
Let z = -3 + 1. Let c be 9/z*34/(-51). Calculate the greatest common factor of 27 and c.
3
Let x = -2 - -6. Suppose -w = x*w + 105. Let i be (w + 9)*(-2)/4. Calculate the highest common factor of 12 and i.
6
Let l be (-135)/27*(-18)/15. Let r(h) be the third derivative of 7*h**4/24 + h**3/3 + h**2. Let f be r(4). Calculate the highest common divisor of f and l.
6
Suppose -2*c = -5*t + 2*t - 51, t + 4*c + 17 = 0. Let u be 2 + 49 - (t + 12). Calculate the highest common factor of 7 and u.
7
Suppose -5*g + 101 = 4*r + 31, 40 = 3*g + 2*r. Suppose 0*k - 8 = -4*k. What is the greatest common divisor of g and k?
2
Let w = 8 + -89. Let m = w + 114. What is the highest common factor of 22 and m?
11
Let x = 172 + 48. Calculate the highest common divisor of x and 20.
20
Let g be -1 + (-2 - -89) + 3. Suppose 84*x + 75 = g*x. Suppose z = 2*z + 2*d - 8, 2*d + 4 = z. Calculate the greatest common divisor of z and x.
3
Let v = -1169 + 1319. Calculate the greatest common divisor of 200 and v.
50
Suppose 59*a + 80 = 198. What is the greatest common divisor of a and 38?
2
Suppose v - 5*v - 112 = 0. Let